t q(s) = -s**2 + 8*s - 7. Let v be q(11). What are the prime factors of 2/10*-2*v?
2
Let l be 26/(0 + (-3)/6). Suppose 6 = 2*x - 42. List the prime factors of 16/x - l/3.
2, 3
Let t be (-2)/7 + 172/14. Suppose q + 3*f - 4 = 0, 4*q - 6*q - 12 = f. Let k = q + t. What are the prime factors of k?
2
Suppose u = 318 + 35. What are the prime factors of u?
353
Let x be 9*(28/(-12) - -3). Suppose 14 + x = 2*h. List the prime factors of h.
2, 5
Suppose 0 = 5*f - 0*f + 40. Let i = -3 - f. List the prime factors of i.
5
Suppose 0 = -2*j - 3*r + 254, 5*j = -0*j + 5*r + 635. What are the prime factors of j?
127
Suppose 6 = 3*v - 5*m, 5*v + m - 10 = 3*m. Suppose -25 = -t - 2*x, 1 = v*t - 2*x - 67. What are the prime factors of t?
31
Suppose 6*g = g. Suppose g = 5*k + d - 255, 0 = -2*k + 3*d + 154 - 35. What are the prime factors of k?
2, 13
List the prime factors of (34/8)/((-4)/(-16)).
17
List the prime factors of (-116)/(-36) - 2/9.
3
Suppose -g + 1 = -10. Suppose -16*w + 15*w + g = 0. What are the prime factors of w?
11
Let g(l) = -6*l**2 + 44*l - 49. Let s(m) = m**2 - 9*m + 10. Let n(z) = 2*g(z) + 11*s(z). List the prime factors of n(-11).
2, 3
Let b = 188 + -265. Let n = b - 29. What are the prime factors of 6/15 - n/10?
11
Let n(u) = 3*u**2 - 13*u - 17. List the prime factors of n(11).
7, 29
Suppose 0 = -i - 5, 2*i - 285 = -5*o + 6*i. Let x = -33 + o. What are the prime factors of (24/20)/(3/x)?
2
Let j = 3 - -1. Let t(v) = 2*v**3 - 4*v**2 - 2*v + 6. Let a(l) = -l**3. Let m(k) = -a(k) - t(k). What are the prime factors of m(j)?
2
Let l = -13 - -13. List the prime factors of (-20)/(-4)*(l - -1).
5
Let t(s) = -2*s + 17. List the prime factors of t(-13).
43
Suppose 3*n - 2*w = 74, -1 = -w - 2. What are the prime factors of n?
2, 3
Let f = -157 - -226. Let h = f + -46. What are the prime factors of h?
23
Let k(r) = 6*r + 3. Let c be k(-4). Let i be (-2)/((-1)/(c/(-6))). Let y = i + -4. List the prime factors of y.
3
Suppose 4*x = -3*q - 0*x + 807, -3*x - 807 = -3*q. List the prime factors of q.
269
Let i(j) = j**2 + j. Let v be i(-2). Suppose v*y = -3*y + 450. Suppose 0 = -x + 6*x - y. List the prime factors of x.
2, 3
Suppose 1562 = -11*o + 22*o. What are the prime factors of o?
2, 71
Let t(o) = 9*o - 1. Let s be t(1). Let x = s - 3. Suppose g - x*w + 9 = 0, -3*g + 0*w = -3*w - 21. What are the prime factors of g?
11
Let w = -16 - -20. List the prime factors of (-110)/(-14) - w/(-28).
2
Let l be 19/(-7) - (-2)/(-7). Let b(n) = -4 + 2*n + 4 + n**2 + 4. List the prime factors of b(l).
7
Let b(d) = -d**2 + 8*d - 4. Let x = 2 + 3. What are the prime factors of b(x)?
11
Suppose -24 = -4*m - l - 178, 0 = -m + l - 36. Let j = -25 - m. What are the prime factors of j?
13
Let g = 17 + -15. Suppose -3*q + 98 = g. What are the prime factors of q?
2
Let o be (-97)/11 + (-6)/33. List the prime factors of 2/9 - 205/o.
23
List the prime factors of -34*(0 + 1)*-1.
2, 17
Suppose -5*i + 1 + 99 = 0. Let d = 28 - i. Let j = d - 6. What are the prime factors of j?
2
Let n = 2 + 0. Suppose -13 = -n*a + 9. List the prime factors of a.
11
Let l = -70 + 116. List the prime factors of l.
2, 23
List the prime factors of ((-42)/(-12))/(2/40).
2, 5, 7
Let b = 25 - 1. Suppose -w = 3*w + b. What are the prime factors of w/(-21) + 33/7?
5
What are the prime factors of (3/3*-1)/(4/(-1252))?
313
Let k be 3/12 + (-21)/(-12). Let z(u) = u - 2*u + 3*u - u**k + 2. List the prime factors of z(2).
2
Let x(b) = -2*b + 2*b**2 + 8*b**2 - 2*b**2 - 1. Let r be 1*(4 + -5) - 0. What are the prime factors of x(r)?
3
Suppose 3*l - 7*l = -60. Suppose -y + l = 4*y. Let b = 1 + y. List the prime factors of b.
2
Let h(g) = -g**2 - 10*g - 13. Let q be h(-9). What are the prime factors of -3*(q - (0 - 3))?
3
Let l(k) = -10*k - 3. List the prime factors of l(-5).
47
Let z(o) = -o + 2. Let k be z(-3). What are the prime factors of k/20 - 31/(-4)?
2
Suppose 4*h = 4*o, 5*h = -3*o - o + 36. Suppose 26 = 3*j + h*i, 5*j + 3*i - 19 = 3*j. Let k = j - -2. List the prime factors of k.
2
Suppose 4*h - r = 18, h + 8*r - 3*r + 6 = 0. Suppose -h*f + 24 = z - 11, 5*z = -f + 4. Suppose d - f = -0*d. What are the prime factors of d?
3
Let o(w) = -w**2 - 6*w - 2. Let n(c) = -4*c**2 - 17*c - 5. Let k(j) = -2*n(j) + 7*o(j). List the prime factors of k(9).
5
List the prime factors of (-8)/(1/(-25)*2).
2, 5
Let z(c) = 3*c - 11. Let o be z(4). What are the prime factors of o/(-1*3/(-90))?
2, 3, 5
Suppose -3*x - 250 = -3*f - f, -2*x = 2*f - 132. Suppose -3*c = c - 4*n + f, 2*c = -4*n - 56. What are the prime factors of (-92)/c - 4/(-10)?
5
Let n(j) = -6*j - 9. Let z(q) = -3*q - 4. Let s(w) = -4*n(w) + 9*z(w). What are the prime factors of s(-2)?
2, 3
Suppose -4*n + 37 = -127. What are the prime factors of n?
41
Let y = 27 + -22. Let m = 0 + y. List the prime factors of m.
5
Let x be 3/12 - 1/4. Suppose 42 = 2*r + 4*l + 12, -5*r + l + 130 = x. Let b = r - 14. What are the prime factors of b?
11
Suppose -6*a + 7*a - 169 = -5*n, -4*n = -4*a + 556. What are the prime factors of a?
2, 3
Let m = -2 - -3. Suppose m = -i, -3*k + 4*k = i + 12. List the prime factors of k.
11
Let t(v) = v**3 + 7*v**2 + 2*v - 1. List the prime factors of t(-3).
29
Let i(m) = 5*m - 12. List the prime factors of i(8).
2, 7
Let i be (-3)/(-1)*550/30. Suppose -o + 0*o + 2*s = -53, o - i = 3*s. What are the prime factors of o?
7
Let a(x) = -4*x + 8*x - 1 - 19*x. List the prime factors of a(-2).
29
Let i = 80 - 11. What are the prime factors of i?
3, 23
Let a be (-4)/(-18) - (-12)/(-54). Suppose 25 = 2*s - 5*u, -21 = -2*s + u - a*u. What are the prime factors of s?
2, 5
Let r(s) = s**2 - 4*s - 12. List the prime factors of r(13).
3, 5, 7
Suppose -5 = m - 2*x - 23, -3*m + 104 = 4*x. List the prime factors of m.
2, 7
Let t be (-126)/(-10) - 6/(-15). Suppose t = 3*y - 5*z - 14, -31 = -4*y + 5*z. What are the prime factors of y?
2
Suppose 7*o - 4 = 3*o, -2*t = -4*o. Suppose 0 = t*q - 89 - 11. Suppose 4*n = q - 2. List the prime factors of n.
2, 3
Let p be (6/2)/(-1) + 6. Let a be -5*(18/(-5) + p). Suppose 0 = -t - a*t + 68. What are the prime factors of t?
17
Let y = 2 - 5. Let k = y + 9. What are the prime factors of k?
2, 3
Let s(i) = -i**3 - 12*i**2 + 14*i + 18. Let d(n) = -2*n**2 + 5*n + 5. Let g be d(-2). What are the prime factors of s(g)?
5
What are the prime factors of (8/1)/(9/(549/2))?
2, 61
Let h(x) = -x**2 + 3. What are the prime factors of h(0)?
3
Let c = -1 - -2. Let n(f) = 5*f**3 + 2*f**2 - c + f - f**2 + 5*f**3. List the prime factors of n(1).
11
List the prime factors of (-200)/(-4 + 0) - 3.
47
Suppose 0 = -2*k + 2 + 8. Suppose k*y + x + 2 = 14, 5*y = -5*x. List the prime factors of y.
3
Suppose 0 = -2*l + 4*o + o + 90, 5*l - 225 = 3*o. Let c = l - 27. What are the prime factors of c?
2, 3
Let n(h) = -h**3 + 5*h**2 + 6*h - 6. Let z be n(6). Let p(d) = d + 6. Let o be p(z). List the prime factors of (-6)/(-9)*6 - o.
2
Let s = 66 + -16. Let p = s + -14. What are the prime factors of p?
2, 3
Let m = 2 + 14. List the prime factors of m.
2
List the prime factors of 1*((-12)/(-7 + 3) + 49).
2, 13
Suppose 9 = -2*u + 5*u. Let m be (30/9)/(1/u). Suppose 2*y = -m, p - 4*y - 56 = -2*p. What are the prime factors of p?
2, 3
Let q(k) = -3*k**2 + 15*k + 8. Let g(d) = 2*d**2 - 8*d - 4. Let a(u) = 5*g(u) + 3*q(u). What are the prime factors of a(-5)?
2
Suppose 3*i - 3*t - 15 = 0, t = 5*t - 4. What are the prime factors of (2 + -32)*(-4)/i?
2, 5
Let h be (4/(-6))/((-2)/123). Suppose 5*f + 3*s = h, -27 = -2*f - 5*s - 3. What are the prime factors of f?
7
Let r be (2/8)/((-3)/(-12)). List the prime factors of 9 + -8 + r/1.
2
What are the prime factors of (-10 - 4)/(2/(-1))?
7
Suppose -w + 4 = 3*w. Suppose 0 = l - w, -2*a = -2*l - 2 - 18. List the prime factors of a.
11
Let m(z) = -z**3 - z**2 + 2*z - 1. Let a be m(-2). Let n be (3/(-4))/((-1)/16). Let h = n + a. List the prime factors of h.
11
Let x be (6/(-21))/(3/(-21)). Suppose x*w = 20 + 6. What are the prime factors of w?
13
Suppose 4 = b + 2*r - r, 4*r - 11 = b. List the prime factors of (42*1)/(b - -1).
3, 7
Let s(u) = -u**2 + 10*u - 6. Let n be s(8). List the prime factors of 152/20 + (-6)/n.
7
Suppose -f + 3*f = 5*u + 133, 3*u = 5*f - 323. What are the prime factors of f?
2
Let l = -7 - -2. Let f(y) = -y**3